= 56*d - 45*d. What is the greatest common factor of 29 and d?
29
Let u be (-2)/(-8) + 177/12. Suppose -82*f + 281790 = 524*f. What is the highest common factor of f and u?
15
Let c(u) = -83*u - 4. Let s be c(-4). Let j = 19353 - 19345. Calculate the greatest common factor of j and s.
8
Suppose -19863 - 41461 - 13560 = -386*d. Calculate the greatest common factor of 1 and d.
1
Let w be -2*3/27 - (-2 - 962/117). Calculate the greatest common divisor of w and 538.
2
Let t = 25423 + -25406. Calculate the highest common factor of t and 13073.
17
Let j be -7 + 260/39 + 25/3. Suppose j*k - 8 = -p + 6*k, 4*p - 22 = -3*k. Calculate the greatest common divisor of p and 4.
4
Suppose 0 = j + 3*j + 36. Let l = j - -15. Let q = 354094 + -354082. What is the greatest common factor of q and l?
6
Let d = -3 + 2. Let f(x) = 159*x**2 + 2*x - 1. Let v be f(d). Calculate the highest common factor of 24 and v.
12
Let o be 1 + 19/((-266)/(-6748)). What is the greatest common divisor of 138 and o?
69
Let v be (2 - 0) + (-1 - (1 + -2)). Suppose -v*n = -6*n + 120. Suppose n = 4*u - 18. Calculate the highest common factor of u and 96.
12
Let c be (128 - -6)/((-68)/(-2686)). Calculate the highest common factor of c and 134.
67
Let v = 213 - 138. Suppose 27 = -2*q + v. Suppose 0 = 29*z - q*z - 490. Calculate the highest common divisor of z and 28.
14
Suppose -11*b = -10 - 1. Let u be (40/(-40))/(322/324 - b). What is the greatest common divisor of u and 18?
18
Suppose 108*x - 110*x = -24. Let m be 9/(-43 - 11) - (-5906)/x. Calculate the highest common divisor of 41 and m.
41
Suppose -3*k - 5*h = -h - 5, 3*k - h = 25. Suppose -m - 60 = -k*m. Let n = 384 + -214. Calculate the greatest common factor of m and n.
10
Suppose 0 = 2*q - 3*u - 11, -4*q - 3 - 5 = 4*u. Let t = -822 + 820. Let i be ((-676)/104)/(t/4). What is the greatest common factor of i and q?
1
Let x = 4287 + -584. What is the greatest common factor of 1288 and x?
161
Let y be (-15)/(-5) + 99/((-12)/(-4)). Calculate the highest common factor of 2064 and y.
12
Let f(s) = 251*s**3 + 1. Let w be f(1). Let q(z) = 535*z - 49611. Let v be q(93). What is the greatest common factor of w and v?
36
Let k be -1*2*417*(11 - 35 - -23). What is the highest common factor of k and 6?
6
Suppose -42 = -2*z + 162. Suppose -2571*r + 128629 = -2492. What is the highest common divisor of r and z?
51
Suppose 0 = 4*x - 5*o - 546, o + 419 = 3*x + 2*o. Let k = -137 + x. What is the highest common divisor of 5 and k?
1
Suppose -4*t - 5*f + 35 = -2*f, -5*t + 5*f = 0. Suppose 4*g + 26 = -5*b + 1130, -t*g = -4*b + 916. Calculate the greatest common factor of b and 28.
28
Let n = -78 - -8. Let p = n - -130. What is the highest common factor of p and 24?
12
Let q be (-45)/(-10)*32/(-6). Let d be (-1 - (q + 0))/1. Let u = 5423 - 5400. What is the highest common divisor of u and d?
23
Let i(x) = -8*x - 95. Let y be i(-21). Suppose -103 - y = -8*a. What is the greatest common divisor of 418 and a?
22
Let a = 31 - 30. Suppose -5*z = -149 - a. Suppose z = 5*p - 60. Calculate the greatest common factor of 2 and p.
2
Suppose 61 + 67 = 8*a. Let m(c) = -67*c - 124. Let t be m(-4). What is the highest common factor of a and t?
16
Let a be (96/(-5) + 20)*45/6. Calculate the highest common divisor of a and 3198.
6
Suppose -128 = 2*t - 3*w, -2*t + 5*w = 173 - 45. Let i = 68 + t. What is the highest common divisor of i and 5?
1
Let b be 14/(((-5550)/(-36))/25 + -6). Let h = 23 - -5. Calculate the highest common divisor of h and b.
28
Suppose -16*u + 539 = 3611. Let d be u/42*70/(-20). What is the highest common factor of 464 and d?
16
Let i(a) = -44*a**3 - 3*a**2 + 8*a - 9. Let f be i(2). Let n = -214 - f. Calculate the highest common divisor of n and 22.
11
Let k be 2/(-8)*(9 + -61). Suppose 5*d - 5320 = 5*i, 5*i - 4 = 1. Suppose -12 + d = 9*g. What is the highest common factor of k and g?
13
Let r(i) = -52*i - 1. Let k be r(-9). Suppose x + k = 5*p, x - 6*x = -5*p + 475. Suppose 138 = 7*z - p. What is the highest common factor of 33 and z?
33
Suppose -3*l - 371 + 1097 = 0. Let r be ((-41745)/(-1035))/((-22)/(-36)). Calculate the greatest common factor of r and l.
22
Suppose -674*r + 302*r + 8667 = -265*r. Let v = 371 + -263. Calculate the highest common divisor of v and r.
27
Let h(s) = -s**2 + 18*s - 17. Let i be h(7). Let w be 4/(-16) + 4631/44. Calculate the highest common factor of w and i.
15
Let w(k) = 3*k**2 - 68*k - 55. Let h be w(24). Suppose -3*f + 3157 = 4*f. What is the greatest common factor of h and f?
41
Let i(a) = 2*a**2 + 208*a - 991. Let x be i(-109). Suppose 0 = -0*l + l + 4*q - 475, -5*l + 3*q + 2490 = 0. Calculate the greatest common factor of l and x.
99
Let h(q) = -3*q**3 - 36*q**2 - 237*q - 13. Let j be h(-11). What is the highest common factor of j and 194?
97
Suppose -5*r + 3*r = 3*u - 30, 5*u = 2*r + 50. Let x = 43 - u. Calculate the highest common divisor of 44 and x.
11
Let j be (-24)/10*9/(135/(-1000)). Suppose 3*o - 100 = -2*o. Calculate the greatest common divisor of j and o.
20
Let j be (-24)/20*60/3*-6*1. Let s(p) = 17*p + 10. Let m be s(10). What is the highest common divisor of m and j?
36
Let c be (-2)/6 - (-9939)/9. Suppose -22*p + 12*p = 14*p - 1656. What is the highest common divisor of c and p?
69
Let j(s) = -10*s - 51. Let c be j(-8). Let b = 71 + c. Calculate the highest common factor of b and 20.
20
Suppose -216 = 16*s - 18*s. Suppose 11*a - s = 5*a. Suppose 0 = a*r - 342 + 54. Calculate the greatest common factor of r and 56.
8
Let y(l) = 2*l**3 - 20*l**2 + 31*l + 12. Let z be y(12). What is the greatest common divisor of 30 and z?
30
Let a(m) = 2*m**3 - 7*m**2 - 4*m + 12. Let l be a(5). Let y = -54 + l. What is the greatest common factor of 169 and y?
13
Let s = 4370 - 3001. Suppose -21*k = 34*k - 2035. Calculate the greatest common factor of k and s.
37
Let l = 7 + 5. Suppose 8*t - 1680 = 4*t. Let o be (10/(-7))/((-20)/t). What is the highest common factor of l and o?
6
Let p(r) = 2*r**3 + 22*r**2 + 22*r + 9. Let v be (-112)/12 + (-5)/(-15). Let a be p(v). What is the greatest common divisor of 45 and a?
45
Let u(c) = -46*c - 1794. Let o be u(-47). Let x = 87 - 55. What is the greatest common factor of o and x?
16
Let d(w) = w**2 - 2*w - 36. Let r be d(8). Let z be (-32)/r*(-78)/8. Calculate the greatest common divisor of 442 and z.
26
Suppose -88*p = -127*p + 1833. Suppose 2*u + 2*k - 128 = 0, -3*u - k - 4*k + 196 = 0. Let n = u - p. Calculate the highest common divisor of 75 and n.
15
Let t be ((-30)/8)/(29/(-11948)). Suppose 4*d - t = 391. Let z = d - 277. What is the highest common factor of z and 23?
23
Let k = 472 - 862. Let s = k + 676. Suppose -5 = 15*w - 395. What is the highest common factor of w and s?
26
Suppose 2333890 = 62*n - 25272. Calculate the greatest common factor of 13 and n.
13
Let x be ((-2448)/(-16) - 11)/((-3)/(-42)). What is the highest common factor of 42 and x?
14
Let c(o) be the first derivative of 7*o**2 + 14/3*o**3 - 29 + 1/4*o**4 + 19*o. Let d be c(-13). What is the highest common divisor of d and 2?
2
Suppose 2*v + 1122 - 56 = 4*n + 130, 0 = 5*v. What is the greatest common factor of 2496 and n?
78
Let n be 2/(-4) + 32/(-64)*53*-1. Suppose 6*u - p = 11*u - 2075, 431 = u - 3*p. What is the greatest common factor of n and u?
26
Suppose 5*f - 30 = -9*b + 6*b, 0 = -5*f - 4*b + 35. Calculate the highest common divisor of f and 29.
1
Let k = -146 + 161. Suppose w + 5*v - 12 = 0, -v = -5*w + k - 7. Calculate the highest common factor of w and 8.
2
Suppose 5*p = 3*u - 71, 34 = 3*u + 4*p + 26. What is the highest common divisor of u and 1842?
6
Let s(o) = -o**3 + 6*o**2 - 4*o + 3. Let p = 7 + -2. Let x be s(p). Suppose 0 = -96*m + 1427 - 1043. Calculate the highest common factor of x and m.
4
Suppose -c - 31 = -5*n, -3*c = -4*n - c + 20. Calculate the highest common divisor of 1 and n.
1
Suppose 0 = -188*q + 210*q - 836. What is the greatest common factor of q and 26?
2
Let j(y) = y**3 - 3*y**2 - 24*y - 14. Let t = 137 + -130. Let q be j(t). Calculate the greatest common factor of q and 350.
14
Let b be (-22 + 645/30)*-11270. Calculate the highest common factor of 1035 and b.
115
Suppose m = -7, -63*o + 11 = -67*o - 5*m. What is the highest common factor of 1398 and o?
6
Suppose 